{"id":63,"date":"2025-06-26T14:59:27","date_gmt":"2025-06-26T14:59:27","guid":{"rendered":"https:\/\/haarasenmaki.fi\/?page_id=63"},"modified":"2025-06-26T14:59:27","modified_gmt":"2025-06-26T14:59:27","slug":"etusivu","status":"publish","type":"page","link":"https:\/\/haarasenmaki.fi\/","title":{"rendered":"Etusivu"},"content":{"rendered":"\n<h2 class=\"wp-block-heading has-text-align-center\">                                                                                              Tervetuloa Haarasenm\u00e4en kotisivuille!<\/h2>\n\n\n\n<p>Haarasenm\u00e4ki on vanha maatila, joka k\u00e4tkee sis\u00e4\u00e4ns\u00e4 ainutlaatuisen yhdistelm\u00e4n kulttuuria ja historiaa. Esill\u00e4 on <strong>Saara Pylv\u00e4n\u00e4isen <\/strong>taidetta ja<strong> Ilmo Pylv\u00e4n\u00e4isen <\/strong>monipuolisia ker\u00e4ilykokoelmia sek\u00e4 maatilan alkuper\u00e4ist\u00e4 ja vanhaa esineist\u00f6\u00e4.<\/p>\n\n\n\n<p class=\"has-text-align-center\">Sivuiltamme l\u00f6yd\u00e4t ajankohtaista tietoa tapahtumakes\u00e4st\u00e4 ja Haarasenm\u00e4en historiasta.<\/p>\n\n\n<div class=\"wp-block-image is-style-rounded\">\n<figure class=\"aligncenter size-medium is-resized\"><img loading=\"lazy\" decoding=\"async\" width=\"300\" height=\"169\" src=\"https:\/\/haarasenmaki.fi\/wp-content\/uploads\/2025\/06\/P1029894-300x169.jpg\" alt=\"\" class=\"wp-image-133\" style=\"width:293px;height:auto\" srcset=\"https:\/\/haarasenmaki.fi\/wp-content\/uploads\/2025\/06\/P1029894-300x169.jpg 300w, https:\/\/haarasenmaki.fi\/wp-content\/uploads\/2025\/06\/P1029894-1024x577.jpg 1024w, https:\/\/haarasenmaki.fi\/wp-content\/uploads\/2025\/06\/P1029894-768x433.jpg 768w, https:\/\/haarasenmaki.fi\/wp-content\/uploads\/2025\/06\/P1029894-1536x865.jpg 1536w, https:\/\/haarasenmaki.fi\/wp-content\/uploads\/2025\/06\/P1029894-2048x1154.jpg 2048w\" sizes=\"auto, (max-width: 300px) 100vw, 300px\" \/><\/figure>\n<\/div>\n\n\n<h2 class=\"wp-block-heading has-text-align-center\">Kes\u00e4ll\u00e4 2025: <\/h2>\n\n\n\n<h2 class=\"wp-block-heading has-text-align-center\"><strong>Sukella Haarasenm\u00e4en tarinoihin QR-koodien avulla!<\/strong><\/h2>\n\n\n\n<p class=\"has-text-align-center\">Haarasenm\u00e4en pihapiirist\u00e4 l\u00f6yd\u00e4t <strong>QR-koodeja<\/strong>, jotka viev\u00e4t sinut aikamatkalle <strong>Haarasenm\u00e4en rikkaan historian pariin<\/strong>. Jokainen koodi avaa oven menneisyyteen, paljastaen mielenkiintoisia tarinoita.<\/p>\n\n\n\n<p class=\"has-text-align-center\"><\/p>\n\n\n\n<hr class=\"wp-block-separator has-alpha-channel-opacity\"\/>\n\n\n\n<h2 class=\"wp-block-heading has-text-align-center\">Uutuutena lapsille K\u00e4p\u00e4l\u00e4m\u00e4en Maskottipiha!<\/h2>\n\n\n\n<p class=\"has-text-align-center\">Tule tapaamaan iloiset el\u00e4imet ja seikkailemaan upouudelle pihallemme!<\/p>\n\n\n<div class=\"wp-block-image\">\n<figure class=\"aligncenter size-large\"><img loading=\"lazy\" decoding=\"async\" width=\"670\" height=\"1024\" src=\"https:\/\/haarasenmaki.fi\/wp-content\/uploads\/2025\/06\/avajais-mainos-670x1024.jpg\" alt=\"\" class=\"wp-image-255\" srcset=\"https:\/\/haarasenmaki.fi\/wp-content\/uploads\/2025\/06\/avajais-mainos-670x1024.jpg 670w, https:\/\/haarasenmaki.fi\/wp-content\/uploads\/2025\/06\/avajais-mainos-196x300.jpg 196w, https:\/\/haarasenmaki.fi\/wp-content\/uploads\/2025\/06\/avajais-mainos.jpg 673w\" sizes=\"auto, (max-width: 670px) 100vw, 670px\" \/><\/figure>\n<\/div>\n\n\n<p><\/p>\n","protected":false},"excerpt":{"rendered":"<p>Tervetuloa Haarasenm\u00e4en kotisivuille! Haarasenm\u00e4ki on vanha maatila, joka k\u00e4tkee sis\u00e4\u00e4ns\u00e4 ainutlaatuisen yhdistelm\u00e4n kulttuuria ja historiaa. Esill\u00e4 on Saara Pylv\u00e4n\u00e4isen taidetta ja Ilmo Pylv\u00e4n\u00e4isen monipuolisia ker\u00e4ilykokoelmia sek\u00e4 maatilan alkuper\u00e4ist\u00e4 ja vanhaa esineist\u00f6\u00e4. Sivuiltamme l\u00f6yd\u00e4t ajankohtaista tietoa tapahtumakes\u00e4st\u00e4 ja Haarasenm\u00e4en historiasta. Kes\u00e4ll\u00e4 2025: Sukella Haarasenm\u00e4en tarinoihin QR-koodien avulla! Haarasenm\u00e4en pihapiirist\u00e4 l\u00f6yd\u00e4t QR-koodeja, jotka viev\u00e4t sinut aikamatkalle Haarasenm\u00e4en&#8230;<\/p>\n","protected":false},"author":1,"featured_media":0,"parent":0,"menu_order":0,"comment_status":"closed","ping_status":"closed","template":"","meta":{"_kadence_starter_templates_imported_post":false,"_kad_post_transparent":"","_kad_post_title":"","_kad_post_layout":"","_kad_post_sidebar_id":"","_kad_post_content_style":"","_kad_post_vertical_padding":"","_kad_post_feature":"","_kad_post_feature_position":"","_kad_post_header":false,"_kad_post_footer":false,"footnotes":""},"class_list":["post-63","page","type-page","status-publish","hentry"],"jetpack_sharing_enabled":true,"_links":{"self":[{"href":"https:\/\/haarasenmaki.fi\/index.php\/wp-json\/wp\/v2\/pages\/63","targetHints":{"allow":["GET"]}}],"collection":[{"href":"https:\/\/haarasenmaki.fi\/index.php\/wp-json\/wp\/v2\/pages"}],"about":[{"href":"https:\/\/haarasenmaki.fi\/index.php\/wp-json\/wp\/v2\/types\/page"}],"author":[{"embeddable":true,"href":"https:\/\/haarasenmaki.fi\/index.php\/wp-json\/wp\/v2\/users\/1"}],"replies":[{"embeddable":true,"href":"https:\/\/haarasenmaki.fi\/index.php\/wp-json\/wp\/v2\/comments?post=63"}],"version-history":[{"count":10,"href":"https:\/\/haarasenmaki.fi\/index.php\/wp-json\/wp\/v2\/pages\/63\/revisions"}],"predecessor-version":[{"id":262,"href":"https:\/\/haarasenmaki.fi\/index.php\/wp-json\/wp\/v2\/pages\/63\/revisions\/262"}],"wp:attachment":[{"href":"https:\/\/haarasenmaki.fi\/index.php\/wp-json\/wp\/v2\/media?parent=63"}],"curies":[{"name":"wp","href":"https:\/\/api.w.org\/{rel}","templated":true}]}}